5)/(-10). Let h be (-6 - (-27)/4)*12*o. Calculate the highest common factor of 10 and h.
10
Suppose -46*m + 9*m = -237867 - 212534. Calculate the highest common factor of 777 and m.
259
Let c = -2248 - -3304. Suppose 276 = 18*z - c. What is the greatest common divisor of 814 and z?
74
Let l be -1*(-1 + (-8874)/5 + (-185)/925). Calculate the greatest common divisor of 48 and l.
48
Let a be 10/(-4)*(-12)/5. Let j(d) = d**3 - 7*d**2 + d - 10. Let i be j(6). Let f = i + 64. What is the highest common divisor of f and a?
6
Let i be (-4)/(-30) + (-2636266)/(-1455). Calculate the greatest common divisor of 132 and i.
12
Suppose -9*g + 23 = -193. Let k be -3 + 9/(-15) + (-11628)/(-30). What is the highest common factor of g and k?
24
Suppose -193*s - 9387 = -214*s. What is the greatest common divisor of s and 24?
3
Suppose 0 = -18*r + 1923 + 1317. Suppose 0 = -4*j + 5*d + 437, -5 = 4*d - 1. What is the highest common factor of j and r?
36
Suppose 30*q + 12*q = 3*q + 97773. What is the highest common factor of 46 and q?
23
Let z = -53 - -65. Let f(c) = -c**2 + 15*c + 14. Let k be f(z). Calculate the highest common divisor of 10 and k.
10
Let v be 56992/40 + 40/200. Calculate the highest common divisor of 342 and v.
57
Let q = 10583 + -10582. Calculate the highest common divisor of q and 2689.
1
Suppose 4*u - 14 - 2 = 4*t, -4*u = -5*t - 19. Let g(n) = -n**3 - 2*n**2 - 4*n - 10. Let h be g(t). Calculate the highest common factor of 22 and h.
11
Suppose 5*u + 515 = 5*i, -10*i + 398 = -6*i + 3*u. Let r = i + -100. Calculate the greatest common divisor of 32 and r.
1
Let p = 259 - 257. Suppose 0 = m - 2*f - 14, 3*m - 46 = 2*f + p*f. Calculate the highest common factor of 78 and m.
6
Let p(l) = 9*l - 6. Let z be p(6). Let r = z + -45. Let n(f) = f**3 - 3*f**2 + 3*f + 3. Let x be n(r). What is the highest common factor of 30 and x?
6
Suppose 5*o = 0, -82*o + 84*o = 4*k - 36. Let y(u) = 6*u + 6. Let a = -3 - -8. Let m be y(a). What is the greatest common factor of k and m?
9
Let l(n) be the first derivative of n**2 - 16*n + 6. Let v be l(12). Let y be 1/((-1)/(-60)*3). What is the greatest common factor of y and v?
4
Let u = 22 - -30. Let i(l) = -2*l**2 + 86*l + 1359. Let g be i(-12). What is the highest common factor of g and u?
13
Suppose -43*h = -39*h + c - 572, 3*h + 5*c - 412 = 0. Calculate the highest common divisor of h and 816.
48
Let p be (-22)/(((-5)/15)/((-940)/(-15))). Calculate the highest common factor of 94 and p.
94
Suppose -4*a - 14 = -78. Let y = 100 - -108. Calculate the greatest common divisor of a and y.
16
Suppose -54 = -4*t + 58. Let o be ((-64)/3)/((-84)/126)*7. Calculate the greatest common factor of t and o.
28
Suppose 3*x + 8 = 50. Let v(i) = 19*i**2 - 542*i - 2870. Let u be v(-5). What is the greatest common factor of x and u?
7
Let m(b) = b**2 + 12*b - 10. Let h be m(-13). Suppose h*f = -f + 160. Suppose -2*i - f = -4*i. Calculate the highest common divisor of i and 4.
4
Let x be -10 + 139 - 9 - 12. What is the highest common factor of x and 78?
6
Let m = -45 + 57. Suppose -5*f = -m - 8. Let b be (f/(-12))/((-2)/18). Calculate the highest common factor of 15 and b.
3
Suppose 0 = -d - 5*k + 17364, -52102 = -3*d + 68*k - 73*k. Calculate the highest common divisor of d and 22.
11
Let c = 23636 - 23634. Calculate the greatest common divisor of 11378 and c.
2
Let o(s) = -1 - s**3 + 4 - s**2 + 8*s - 5*s. Let f be o(-3). Suppose 2*g + 3 = -3*v + 319, -g - 4 = 0. Calculate the highest common factor of f and v.
12
Suppose -1109 - 1109 - 6175 = -109*j. What is the highest common divisor of j and 44?
11
Let r be ((-1)/3*-4)/(62/186). Calculate the greatest common factor of 308 and r.
4
Suppose 0 = 48*n + 54 - 1206. Calculate the greatest common factor of 20472 and n.
24
Let v(a) = a**3 - 6*a**2 + 5*a. Let h be v(5). Suppose h = 5*y, 232 = -z + 3*z - 2*y. Calculate the highest common factor of 87 and z.
29
Suppose 0 = -7*r + 6*r - 3*d + 565, 4*r = -d + 2227. What is the greatest common factor of 3614 and r?
278
Suppose 3*n = 4*u + 143, -10*n + 3*u = -8*n - 93. What is the highest common divisor of 19361 and n?
19
Let p = 2397 - 2347. Calculate the highest common factor of 400 and p.
50
Suppose -2*y - 12 = 3*t, -5*y - 5*t = -7*y + 20. Let d be 6/9 + (-1722)/(-9) + y. What is the highest common divisor of 24 and d?
24
Suppose s = 4*s - 84. Let m(u) be the second derivative of -17*u**3/6 - 247*u**2/2 - 111*u. Let n be m(-15). Calculate the greatest common divisor of n and s.
4
Let v(p) = -92*p + 207. Let r be v(-45). What is the greatest common factor of 161 and r?
161
Let b(p) = 9*p**2 + 17*p - 1 + 154*p - 169*p. Suppose 0 + 4 = 4*f. Let z be b(f). What is the highest common factor of z and 80?
10
Let u(m) = -3*m + 0*m + 36 + m**2 - 2*m - 4*m. Let j be u(9). Let f = 60 - j. Calculate the greatest common factor of 16 and f.
8
Let d = 2358 + 1739. What is the greatest common factor of 34 and d?
17
Let p(q) = -17*q**2 - 6*q + 2. Let a be p(-5). Let f = -306 - a. Calculate the highest common factor of f and 29.
29
Let i(z) = -z**2 - 22*z - 31. Let l be i(-13). What is the highest common divisor of l and 38?
2
Suppose -m = 3*w + 18, -5*w - 34 = -m - 92. Let n(x) = 7*x**2 + 5. Let t be n(6). Let g = t + m. Calculate the greatest common factor of 32 and g.
32
Suppose 2*k = -4*q + 993 + 2413, -3*q - 12 = 0. Calculate the highest common divisor of 531 and k.
59
Suppose j + 3*c - 829 = 2580, 3*j - 10203 = -3*c. What is the greatest common divisor of 79 and j?
79
Suppose -4*d + 3 = -3*d. Suppose 5*i - d*p + 62 = p, p + 17 = -2*i. Let k = 60 + i. What is the greatest common factor of 75 and k?
25
Let r = 9296 - 8776. Calculate the highest common factor of 3000 and r.
40
Let v be ((-2)/(-8))/(5/100). Suppose -4*y + 229 - 225 = 0. Suppose y - 41 = -h. What is the highest common factor of h and v?
5
Suppose d = -2*v - 376, -3*d - 5*v = -158 + 1281. Let b = d - -414. Calculate the greatest common divisor of 9 and b.
3
Suppose 35*s - 3146 = 13*s. Suppose 16*x = 5*x + s. Calculate the greatest common divisor of 65 and x.
13
Let g(o) = o**3 + 11*o**2 - 4*o - 4. Let n be g(-11). Let p be (n/(-3))/(4/(-48)). Suppose 0 = 3*x + 2*x - p. What is the greatest common factor of x and 32?
32
Suppose -3*j - q = 7, -4*q = 2*j - j - 5. Let w(d) = 30*d**2 - 29*d. Let s be w(j). What is the greatest common divisor of 21 and s?
21
Let t(y) = -269*y + 947. Let v be t(3). What is the highest common factor of 1330 and v?
70
Let s(f) = -10 + 8*f**2 + 120*f + f**3 - 8 - 125*f. Let d be s(-7). Suppose 10*h - 6*h - 24 = 0. What is the highest common factor of d and h?
6
Let g(u) = 27*u - 479. Let o be g(18). Suppose 10*n + 1547 = 23*n. What is the highest common factor of n and o?
7
Let g(o) = 12*o - 5. Let z be g(4). Suppose -3838*u = -3917*u + 3397. What is the greatest common divisor of u and z?
43
Let g(r) = r + 4. Let a(y) = 40*y - 107. Let w(n) = a(n) + 6*g(n). Let c be w(2). Suppose 0*f - 396 = -4*f. What is the highest common factor of c and f?
9
Let m be ((-15)/(-2) - (-67 - -76))/(1/(-4330)). What is the highest common factor of m and 5?
5
Suppose 9*k - 216 = k. Suppose -5*i + 2497 = -4*g + 992, -25 = 5*g. Calculate the highest common divisor of k and i.
27
Suppose -238*k = -56*k + 15*k - 2850393. What is the greatest common divisor of 7 and k?
7
Let m(q) be the third derivative of q**5/60 + 13*q**4/24 - q**3 + 14*q**2. Let z be m(-18). What is the greatest common divisor of 36 and z?
12
Let n(h) = -134*h + 3754. Let q be n(28). Calculate the highest common factor of 1392 and q.
2
Let k be 1 - 0 - (-548 + -11). Suppose -5*t + k = -100. Suppose -24 = -61*y + 59*y. Calculate the greatest common factor of y and t.
12
Let o = 1 + 8. Suppose -u + 5*k = 2, k + 2 = 4*u - 5*u. Let m be (-16)/8 + (u - -76). What is the greatest common divisor of m and o?
9
Let m(p) = 2 - 18 + 10*p - 23 + p**2. Let z be m(17). What is the highest common divisor of z and 35?
35
Let u(r) = -17*r - 292. Let c be u(-23). What is the greatest common factor of 117 and c?
9
Suppose -57 = r - b, r = -4*b - 73 - 9. Let c be 6*(-4 - 85/(-5)). Let v = c + r. What is the greatest common factor of 24 and v?
8
Let f be (-20)/(-8)*12/(24/4). Let d be (f - (-4)/(-10)) + 10/25. Calculate the highest common factor 